/(-56)). Let u be ((-2)/3)/(4/i). Let y(q) = -q**2 - q + 42. Let j be y(0). What is the highest common divisor of u and j?
14
Suppose -295 = -4*y + 489. Suppose 2*h + y = 6*h. Suppose -4*r = -h - 7. Calculate the highest common factor of 42 and r.
14
Let x be -1 + 0 + -9 + 55. What is the greatest common factor of 315 and x?
45
Suppose 0*h + 285 = 5*h. Let v = h - -69. Suppose y = 4*y - v. What is the greatest common divisor of 7 and y?
7
Let m = -21 - -34. Suppose 0 = 4*h - 3*o - m, 0 = -0*h - 2*h - 4*o + 12. Let t be 7 - (h + 6/(-3)). Calculate the highest common factor of t and 25.
5
Let f(g) = -g**2 + 6*g - 1. Let j be f(5). Let q = j + -3. Suppose -4*z - 9 = -y, -y + z = -2 - 1. What is the greatest common factor of y and q?
1
Suppose -5*r = -4*k - 95, k = 4*k. Calculate the greatest common factor of 95 and r.
19
Suppose 3*c = -5*g + 43, 4*g + 54 + 14 = 4*c. Calculate the greatest common divisor of c and 48.
16
Let c be (7 - 1)*((-210)/(-9))/7. What is the highest common factor of c and 140?
20
Let k be -3 - (-2 + -3) - -10. Calculate the highest common factor of k and 108.
12
Let x(g) = -2*g - 1. Let w be x(-6). What is the highest common divisor of w and 33?
11
Suppose 2*i - 25 = 7*i. Let j(z) = -z**3 - 5*z**2 + 2*z + 5. Let b be j(i). Let v = b - -8. What is the greatest common divisor of 2 and v?
1
Let i = 28 - 12. Calculate the highest common factor of 80 and i.
16
Let y be ((-66)/11)/((-1)/(-6)). Let j = 126 + y. Calculate the greatest common divisor of j and 18.
18
Let n(k) = 3*k**2 + k - 1. Let h be n(1). Suppose -84 = -h*d - 2*x, 0 = 3*d - 2*x - 56 - 40. What is the highest common divisor of d and 20?
10
Let f be (-1527)/(-12) + (-6)/(-8). What is the highest common divisor of f and 16?
16
Let o be (-7)/(21/(-36)) + 0. Let b = 1 - -11. Calculate the greatest common factor of b and o.
12
Let p = 2 + 2. Let f(s) = s**2 + 10*s + 2. Let v be f(-10). Calculate the greatest common factor of v and p.
2
Suppose -x - 2*x = 3. Let z be (x + 39/15)*65. Let g = 42 + -29. Calculate the greatest common factor of z and g.
13
Let q be (-146)/(-8) + (-1)/4. Let g be 310/18 - 4/q. What is the greatest common divisor of g and 85?
17
Let j(m) = 0*m + 2*m**2 + 4*m - 3*m - 1. Let t be j(-2). Suppose 2*l + 0 = -3*g + 13, -l - t*g = 4. Calculate the highest common factor of 55 and l.
11
Let j(t) = t**3 - 12*t**2 + 9*t + 16. Let p be j(11). Let o = p + 13. Calculate the greatest common factor of 7 and o.
7
Let w = 6 + 45. Suppose 2*i + 10 - w = -f, -i + 19 = -f. Suppose 7*z - 60 = 4*z. What is the greatest common factor of z and i?
20
Let y be -1*(-2 - -3)*-2. Suppose -y*a - 3*x = 3*a - 21, 8 = 4*x. What is the highest common divisor of 21 and a?
3
Let g be ((-3)/2)/((-1)/2). Suppose -g*h - 2*h = -210. Suppose -3*o = -2*q + 37, -6*o + o = 4*q - 41. What is the highest common divisor of h and q?
14
Suppose 0 = -5*f + 5, -2*f + 14 = x + 3*x. Suppose -x*a = a - 576. Calculate the highest common factor of 16 and a.
16
Let k be (30/(-4))/(5/(-10)). What is the greatest common divisor of k and 45?
15
Let s(t) = t + 16. Let y be s(-8). What is the highest common divisor of 12 and y?
4
Let c = 110 - 22. Let b = -376 - -384. What is the highest common factor of c and b?
8
Suppose 3 = 2*y - 1. Suppose -5*h - 22 = -y. Let u = -2 - h. What is the greatest common divisor of u and 8?
2
Suppose 5*l - 42 = 218. Suppose -4*b + 8*j + 27 = 3*j, j - 44 = -3*b. What is the greatest common divisor of l and b?
13
Let u = 1 + 1. Suppose -4*q + 3*l + 100 = 7*l, u*q - 50 = 5*l. Suppose -5*y = m - 6*m - q, m = 3*y - 21. Calculate the greatest common factor of 40 and y.
8
Suppose s - 7 = 9. Calculate the greatest common factor of s and 32.
16
Let k be 4 - (-2)/(-2) - -25. What is the greatest common factor of 140 and k?
28
Suppose 5*y + n = 142, 0*y + 5*y - n - 138 = 0. Suppose 526 = 7*k - 1042. What is the greatest common divisor of k and y?
28
Suppose 0 = 4*y - 4*d - 132, 4*d = -3*y - d + 123. Calculate the highest common divisor of y and 90.
18
Let g(m) = 3 - m + 5 - 2 - 1. Let a be g(-4). Suppose -3*q = -2*q - 36. What is the greatest common factor of q and a?
9
Let s be 2 + -2 + 2 + 78. Let k = s - 32. Suppose l = -l - 3*o + 18, -l - 4*o = -4. What is the greatest common factor of k and l?
12
Let v = 62 - 27. Suppose 3*k - 46 = 5*t, 2*k + 5*t = -3*k + 130. Let j = -15 + k. Calculate the greatest common divisor of j and v.
7
Suppose -i = g - 3, 5*i - 2*g = g + 31. Suppose 0 = 5*d + i, 3*x - 52 = -4*d - 11. Calculate the greatest common divisor of 60 and x.
15
Let i(d) = -5*d + 20. Let v be i(-10). Calculate the highest common factor of v and 10.
10
Let w(l) = -3*l + 33. Let s be w(7). Suppose -3*o - 4 = -22. What is the greatest common divisor of o and s?
6
Let o = 92 + -58. Suppose -4*g - 15 = -9*g, 4*x = -2*g + o. Calculate the highest common factor of 21 and x.
7
Suppose -2*n - 1 = -11. Calculate the highest common factor of 65 and n.
5
Let b be 3/6*26/(-1). Let f = b - -37. Calculate the highest common factor of f and 36.
12
Let s(h) = 2 + 0*h**2 - h**2 + 1 - 6*h. Let a be s(-6). Suppose 2*b = 5*n - 13, -2*b - b = -a*n + 15. Calculate the greatest common divisor of 11 and n.
1
Let d be (-12)/(139/(-34) - -4). What is the greatest common factor of 8 and d?
8
Let y be 7/(-21)*-7*3. Calculate the greatest common factor of 56 and y.
7
Suppose -4*f + f + 57 = 0. Let j = -11 + f. Calculate the greatest common divisor of j and 24.
8
Let u(k) = k**2 - 6*k - 4. Let f be u(7). Suppose 0 = 2*q - 7 - f. What is the highest common factor of 35 and q?
5
Suppose -71*p = -73*p + 42. Let c(l) = 2*l**2 + 2*l + 1. Let a be c(-1). Suppose -a = d - p. Calculate the greatest common divisor of d and 4.
4
Let i be 4*5/(60/93). What is the greatest common divisor of i and 31?
31
Let l be (-418)/(-2) - (-50)/(-10). Calculate the highest common divisor of 12 and l.
12
Suppose -4*h - 24 = -4*j, 2*j + 6 = 4*h + 20. Suppose -16 = u - j*u, -11 = -t + u. What is the greatest common divisor of 10 and t?
5
Let d(m) = 34*m**3 + 3*m**2 - 4*m + 2. Let c be d(1). Calculate the greatest common divisor of c and 14.
7
Let r be 2 + (0 - -1) + -13. Let n = r - -46. Suppose 3*f + n = 432. Calculate the highest common factor of f and 12.
12
Suppose 0*f = 4*f - 68. Let k be (612/((-20)/5))/(-1). Calculate the highest common divisor of k and f.
17
Let p be (4 - (-1 + -2))/1. What is the highest common divisor of 7 and p?
7
Let i(o) = o + 10. Let r be i(-7). Suppose -2*u + 770 = r*u. Calculate the greatest common divisor of u and 14.
14
Let t = 113 + -54. Let z = -41 + t. Calculate the greatest common divisor of z and 9.
9
Let r be (1 - 17)*(-5)/5. Let d(l) = l**3 - 2*l**2 + l. Let v be d(2). Suppose 3*q = 4 + v. Calculate the highest common factor of q and r.
2
Let h(b) = b + 17. Let v be h(-7). Suppose 122 = 5*s - 3. What is the greatest common divisor of s and v?
5
Suppose -14 = -4*p + 34. Let o be 107 - (-2)/(3 - 1). Calculate the highest common factor of o and p.
12
Let t be (22 - (4/2 - 2))/1. What is the greatest common factor of t and 374?
22
Suppose -4*g + 715 = g. Calculate the greatest common factor of 13 and g.
13
Suppose 8 + 300 = 7*v. Calculate the greatest common factor of 66 and v.
22
Suppose -5*s - 3*l = 355, 3*s - l + 213 = l. Let g = -51 - s. Calculate the greatest common factor of 4 and g.
4
Suppose -125 = -4*z + 19. What is the greatest common factor of z and 36?
36
Let m = 0 + 3. Let s be (0/(-3) - -6) + -3. Suppose -l = -s - 0. Calculate the greatest common factor of l and m.
3
Let v be (-2)/2 + 36/4. What is the greatest common factor of v and 88?
8
Suppose 0 = -u + 5*l + 17, 4*u = 3*l - 0*l + 17. Suppose -9 = 13*m - 295. What is the greatest common divisor of m and u?
2
Suppose 0 = 2*j - 0*j + o - 224, 0 = o - 4. Let l be (1 + -1)*1/1. Suppose 34 = 2*g - 4*m - 6, l = 5*g + 4*m - 30. What is the highest common factor of g and j?
10
Let g = 96 - 68. Calculate the greatest common divisor of g and 4.
4
Let q = -12 - -22. Let g(h) be the first derivative of -h**3/3 + 13*h**2/2 + 18*h + 3. Let u be g(14). Calculate the greatest common divisor of q and u.
2
Let x be 10*(-1 - -4) + 0. What is the greatest common factor of 120 and x?
30
Let y(n) = 2*n**2 + 17*n - 2. Let t be y(-10). What is the highe